 are the prime factors of 35755?
5, 7151
List the prime factors of 541697.
13, 41669
List the prime factors of 52781.
47, 1123
What are the prime factors of 855991?
23, 37217
List the prime factors of 271749.
3, 90583
What are the prime factors of 1044079?
1044079
What are the prime factors of 3757131?
3, 7, 103, 193
List the prime factors of 182615.
5, 36523
What are the prime factors of 603270?
2, 3, 5, 6703
List the prime factors of 13250352.
2, 3, 276049
List the prime factors of 485551.
11, 37, 1193
List the prime factors of 651792.
2, 3, 37, 367
List the prime factors of 117737.
23, 5119
List the prime factors of 1267049.
7, 317, 571
List the prime factors of 295774.
2, 41, 3607
What are the prime factors of 8020601?
37, 239, 907
List the prime factors of 2099529.
3, 263, 887
List the prime factors of 1912971.
3, 637657
List the prime factors of 3551278.
2, 71, 89, 281
List the prime factors of 2785106.
2, 1392553
What are the prime factors of 111110?
2, 5, 41, 271
List the prime factors of 536610.
2, 3, 5, 31, 577
What are the prime factors of 9899111?
101, 98011
What are the prime factors of 745620?
2, 3, 5, 17, 43
What are the prime factors of 586654?
2, 47, 79
List the prime factors of 4502100.
2, 3, 5, 43, 349
What are the prime factors of 11601526?
2, 461, 12583
List the prime factors of 7906061.
1109, 7129
List the prime factors of 11833375.
5, 137, 691
List the prime factors of 3255864.
2, 3, 135661
What are the prime factors of 8867038?
2, 4433519
What are the prime factors of 927986?
2, 463993
What are the prime factors of 1706703?
3, 397, 1433
What are the prime factors of 18598769?
7, 127, 20921
What are the prime factors of 11223546?
2, 3, 1870591
What are the prime factors of 532790?
2, 5, 53279
List the prime factors of 301491.
3, 139, 241
What are the prime factors of 16230663?
3, 23, 89, 881
List the prime factors of 778061.
778061
List the prime factors of 1081219.
1081219
What are the prime factors of 319457?
61, 5237
List the prime factors of 6398284.
2, 1599571
What are the prime factors of 17526650?
2, 5, 167, 2099
What are the prime factors of 6133299?
3, 991, 2063
List the prime factors of 28072.
2, 11, 29
List the prime factors of 11780489.
7, 41, 41047
What are the prime factors of 4505947?
4505947
What are the prime factors of 196979?
17, 11587
What are the prime factors of 581128?
2, 17, 4273
What are the prime factors of 900046?
2, 7, 53, 1213
List the prime factors of 5255644.
2, 1313911
What are the prime factors of 857967?
3, 11, 25999
List the prime factors of 10502550.
2, 3, 5, 23339
List the prime factors of 1543347.
3, 13, 4397
What are the prime factors of 36707?
11, 47, 71
List the prime factors of 721185.
3, 5, 48079
List the prime factors of 903573.
3, 11, 9127
List the prime factors of 1153421.
1153421
List the prime factors of 16068009.
3, 17, 315059
List the prime factors of 422330.
2, 5, 157, 269
List the prime factors of 94371.
3, 83, 379
List the prime factors of 11349272.
2, 11, 128969
List the prime factors of 13167736.
2, 1645967
What are the prime factors of 1090949?
1090949
List the prime factors of 4982768.
2, 7, 17, 2617
List the prime factors of 8512370.
2, 5, 29, 149, 197
List the prime factors of 7551722.
2, 3775861
What are the prime factors of 1842809?
1842809
List the prime factors of 1099546.
2, 7, 78539
What are the prime factors of 6256003?
13, 481231
List the prime factors of 1092587.
43, 25409
What are the prime factors of 8676110?
2, 5, 43, 20177
What are the prime factors of 7005456?
2, 3, 48649
What are the prime factors of 837647?
797, 1051
List the prime factors of 376353.
3, 53, 263
List the prime factors of 3697876.
2, 7, 13, 10159
What are the prime factors of 349580?
2, 5, 7, 11, 227
List the prime factors of 204399.
3, 13, 1747
List the prime factors of 2986470.
2, 3, 5, 1229
List the prime factors of 2669968.
2, 7, 31, 769
List the prime factors of 9878681.
67, 283, 521
What are the prime factors of 696656?
2, 43541
List the prime factors of 275489.
275489
List the prime factors of 356011.
199, 1789
What are the prime factors of 1177103?
1177103
What are the prime factors of 573393?
3, 17, 11243
What are the prime factors of 5894300?
2, 5, 58943
List the prime factors of 1051929.
3, 116881
List the prime factors of 239027.
239027
List the prime factors of 29203793.
29203793
What are the prime factors of 1700447?
7, 34703
What are the prime factors of 356335?
5, 7, 10181
List the prime factors of 25604.
2, 37, 173
What are the prime factors of 153483?
3, 11, 4651
What are the prime factors of 14464722?
2, 3, 17, 141811
What are the prime factors of 528007?
619, 853
What are the prime factors of 149263?
29, 5147
What are the prime factors of 253752?
2, 3, 97, 109
List the prime factors of 733899.
3, 244633
What are the prime factors of 1039177?
577, 1801
List the prime factors of 612853.
612853
What are the prime factors of 541502?
2, 13, 59, 353
What are the prime factors of 124799?
124799
What are the prime factors of 13503606?
2, 3, 2250601
What are the prime factors of 5008620?
2, 3, 5, 83477
What are the prime factors of 445790?
2, 5, 44579
What are the prime factors of 167527?
233, 719
List the prime factors of 1252533.
3, 417511
List the prime factors of 1989767.
13, 153059
What are the prime factors of 13907336?
2, 1738417
List the prime factors of 5693479.
11, 517589
What are the prime factors of 5163298?
2, 7, 31, 11897
List the prime factors of 2569990.
2, 5, 233, 1103
List the prime factors of 1035339.
3, 467, 739
List the prime factors of 6547990.
2, 5, 654799
What are the prime factors of 1583639?
797, 1987
What are the prime factors of 776573?
7, 110939
List the prime factors of 130899.
3, 43633
What are the prime factors of 1660111?
1660111
List the prime factors of 9499413.
3, 7, 11, 17, 41, 59
List the prime factors of 7137910.
2, 5, 13, 54907
What are the prime factors of 1999264?
2, 62477
What are the prime factors of 887030?
2, 5, 107, 829
What are the prime factors of 320663?
7, 19, 2411
What are the prime factors of 193616?
2, 12101
List the prime factors of 199160.
2, 5, 13, 383
What are the prime factors of 234533?
13, 18041
List the prime factors of 30307441.
103, 294247
What are the prime factors of 496413?
3, 19, 2903
What are the prime factors of 10826231?
13, 832787
What are the prime factors of 7708821?
3, 2569607
List the prime factors of 93566.
2, 11, 4253
What are the prime factors of 11536?
2, 7, 103
What are the prime factors of 17360056?
2, 7, 41, 7561
What are the prime factors of 1039190?
2, 5, 103919
What are the prime factors of 1013291?
1013291
List the prime factors of 173333.
29, 43, 139
What are the prime factors of 238051?
11, 17, 19, 67
What are the prime factors of 826610?
2, 5, 131, 631
List the prime factors of 2517761.
2517761
List the prime factors of 240456.
2, 3, 43, 233
List the prime factors of 816079.
11, 74189
List the prime factors of 3247629.
3, 7, 11, 17, 827
List the prime factors of 605528.
2, 7, 11, 983
List the prime factors of 1645.
5, 7, 47
What are the prime factors of 25495843?
29, 879167
List the prime factors of 1384203.
3, 373, 1237
What are the prime factors of 2132652?
2, 3, 23, 7727
List the prime factors of 36340.
2, 5, 23, 79
List the prime factors of 1062563.
1062563
List the prime factors of 702828.
2, 3, 7, 2789
What are the prime factors of 4497637?
71, 63347
What are the prime factors of 5937081?
3, 991, 1997
List the prime factors of 3248732.
2, 812183
List the prime factors of 7596673.
7, 193, 5623
What are the prime factors of 1401305?
5, 47, 67, 89
List the prime factors of 23556449.
7, 3365207
What are the prime factors of 2859118?
2, 73, 19583
List the prime factors of 368060.
2, 5, 7, 11, 239
What are the prime factors of 5522942?
2, 2761471
What are the prime factors of 12898530?
2, 3, 5, 19, 397
List the prime factors of 4137175.
5, 7, 47, 503
What are the prime factors of 2171274?
2, 3, 7, 17, 3041
List the prime factors of 19699335.
3, 5, 337, 433
What are the prime factors of 15697?
11, 1427
What are the prime factors of 6569365?
5, 11, 31, 3853
List the prime factors of 926762.
2, 23, 20147
List the prime factors of 517782.
2, 3, 86297
What are the prime factors of 13